{"id":910,"date":"2023-04-26T18:18:20","date_gmt":"2023-04-26T16:18:20","guid":{"rendered":"http:\/\/mindszentykongregacio.hu\/wp\/?post_type=tribe_events&#038;p=910"},"modified":"2023-05-12T20:25:21","modified_gmt":"2023-05-12T18:25:21","slug":"latinovits","status":"publish","type":"tribe_events","link":"http:\/\/mindszentykongregacio.hu\/wp\/event\/latinovits\/","title":{"rendered":"Egy-\u00c9n-Is-\u00c9g \/ Latinovits Zolt\u00e1n eml\u00e9kest Kaposf\u00fcreden"},"content":{"rendered":"<p><strong>Sz\u0171z M\u00e1ria Efezusi H\u00e1z\u00e1n\u00e1l<\/strong> (Kaposf\u00fcred, \u00c1llom\u00e1s u. 61\/a) Latinovits Zolt\u00e1n eml\u00e9kestet szervez\u00fcnk.<\/p>\n<p>A verses, zen\u00e9s esten fell\u00e9pnek:<br \/>\n&#8211; <strong>Bencze Ilona<\/strong> sz\u00ednm\u0171v\u00e9sz, kiv\u00e1l\u00f3 m\u0171v\u00e9sz<br \/>\n&#8211; <strong>Trok\u00e1n P\u00e9ter<\/strong> sz\u00ednm\u0171v\u00e9sz, \u00e9rdemes m\u0171v\u00e9sz<br \/>\n&#8211; <strong>Heinczinger Mikl\u00f3s <\/strong>Liszt Ferenc-d\u00edjas el\u0151ad\u00f3m\u0171v\u00e9sz<br \/>\n&#8211; <strong>Tolcsvay B\u00e9la<\/strong> Kossuth-d\u00edjas zeneszerz\u0151<\/p>\n<p>Id\u0151pont: <strong>2023. j\u00falius 2.<\/strong> vas\u00e1rnap 16.00 \u00f3ra<\/p>\n<p>Korl\u00e1tozott f\u00e9r\u0151helyekre tekintettel k\u00e9rj\u00fck el\u0151zetesen regisztr\u00e1ljon az esem\u00e9nyre!<\/p>\n<p><strong><img loading=\"lazy\" decoding=\"async\" class=\"alignnone size-medium wp-image-921\" src=\"http:\/\/mindszentykongregacio.hu\/wp\/wp-content\/uploads\/2023\/04\/kaposfured-plakat2-252x300.jpg\" alt=\"\" width=\"252\" height=\"300\" srcset=\"http:\/\/mindszentykongregacio.hu\/wp\/wp-content\/uploads\/2023\/04\/kaposfured-plakat2-252x300.jpg 252w, http:\/\/mindszentykongregacio.hu\/wp\/wp-content\/uploads\/2023\/04\/kaposfured-plakat2-860x1024.jpg 860w, http:\/\/mindszentykongregacio.hu\/wp\/wp-content\/uploads\/2023\/04\/kaposfured-plakat2-768x915.jpg 768w, http:\/\/mindszentykongregacio.hu\/wp\/wp-content\/uploads\/2023\/04\/kaposfured-plakat2.jpg 1189w\" sizes=\"auto, (max-width: 252px) 100vw, 252px\" \/><\/strong><\/p>\n<p>&nbsp;<\/p>\n<p>&nbsp;<\/p>\n<p>&nbsp;<\/p>\n","protected":false},"excerpt":{"rendered":"<p>Sz\u0171z M\u00e1ria Efezusi H\u00e1z\u00e1n\u00e1l (Kaposf\u00fcred, \u00c1llom\u00e1s u. 61\/a) Latinovits Zolt\u00e1n eml\u00e9kestet szervez\u00fcnk. A verses, zen\u00e9s esten fell\u00e9pnek: &#8211; Bencze Ilona sz\u00ednm\u0171v\u00e9sz, kiv\u00e1l\u00f3 m\u0171v\u00e9sz &#8211; Trok\u00e1n P\u00e9ter sz\u00ednm\u0171v\u00e9sz, \u00e9rdemes m\u0171v\u00e9sz &#8211; [&hellip;]<\/p>\n","protected":false},"author":1,"featured_media":921,"template":"","meta":{"_price":"","_stock":"","_tribe_ticket_header":"","_tribe_default_ticket_provider":"","_tribe_ticket_capacity":"0","_ticket_start_date":"","_ticket_end_date":"","_tribe_ticket_show_description":"","_tribe_ticket_show_not_going":false,"_tribe_ticket_use_global_stock":"","_tribe_ticket_global_stock_level":"","_global_stock_mode":"","_global_stock_cap":"","_tribe_rsvp_for_event":"","_tribe_ticket_going_count":"","_tribe_ticket_not_going_count":"","_tribe_tickets_list":"[]","_tribe_ticket_has_attendee_info_fields":false,"_tribe_events_status":"","_tribe_events_status_reason":"","footnotes":"","_tec_slr_enabled":"","_tec_slr_layout":""},"tags":[46,56,50,54,44,52,48],"tribe_events_cat":[],"class_list":["post-910","tribe_events","type-tribe_events","status-publish","has-post-thumbnail","hentry","tag-bencze-ilona","tag-efezusi-haz-kaposfureden","tag-heinszinger-miklos","tag-kaposfured","tag-latinovits","tag-tolcsvay-bela","tag-trokan-peter"],"ticketed":false,"_links":{"self":[{"href":"http:\/\/mindszentykongregacio.hu\/wp\/wp-json\/wp\/v2\/tribe_events\/910","targetHints":{"allow":["GET"]}}],"collection":[{"href":"http:\/\/mindszentykongregacio.hu\/wp\/wp-json\/wp\/v2\/tribe_events"}],"about":[{"href":"http:\/\/mindszentykongregacio.hu\/wp\/wp-json\/wp\/v2\/types\/tribe_events"}],"author":[{"embeddable":true,"href":"http:\/\/mindszentykongregacio.hu\/wp\/wp-json\/wp\/v2\/users\/1"}],"version-history":[{"count":8,"href":"http:\/\/mindszentykongregacio.hu\/wp\/wp-json\/wp\/v2\/tribe_events\/910\/revisions"}],"predecessor-version":[{"id":922,"href":"http:\/\/mindszentykongregacio.hu\/wp\/wp-json\/wp\/v2\/tribe_events\/910\/revisions\/922"}],"wp:featuredmedia":[{"embeddable":true,"href":"http:\/\/mindszentykongregacio.hu\/wp\/wp-json\/wp\/v2\/media\/921"}],"wp:attachment":[{"href":"http:\/\/mindszentykongregacio.hu\/wp\/wp-json\/wp\/v2\/media?parent=910"}],"wp:term":[{"taxonomy":"post_tag","embeddable":true,"href":"http:\/\/mindszentykongregacio.hu\/wp\/wp-json\/wp\/v2\/tags?post=910"},{"taxonomy":"tribe_events_cat","embeddable":true,"href":"http:\/\/mindszentykongregacio.hu\/wp\/wp-json\/wp\/v2\/tribe_events_cat?post=910"}],"curies":[{"name":"wp","href":"https:\/\/api.w.org\/{rel}","templated":true}]}}

Egy-Én-Is-Ég / Latinovits Zoltán emlékest Kaposfüreden

<p><strong>Szűz Mária Efezusi Házánál</strong> (Kaposfüred, Állomás u. 61/a) Latinovits Zoltán emlékestet szervezünk.</p>
<p>A verses, zenés esten fellépnek:<br />
&#8211; <strong>Bencze Ilona</strong> színművész, kiváló művész<br />
&#8211; <strong>Trokán Péter</strong> színművész, érdemes művész<br />
&#8211; <strong>Heinczinger Miklós </strong>Liszt Ferenc-díjas előadóművész<br />
&#8211; <strong>Tolcsvay Béla</strong> Kossuth-díjas zeneszerző</p>
<p>Időpont: <strong>2023. július 2.</strong> vasárnap 16.00 óra</p>
<p>Korlátozott férőhelyekre tekintettel kérjük előzetesen regisztráljon az eseményre!</p>
<p><strong><img loading="lazy" decoding="async" class="alignnone size-medium wp-image-921" src="http://mindszentykongregacio.hu/wp/wp-content/uploads/2023/04/kaposfured-plakat2-252x300.jpg" alt="" width="252" height="300" srcset="http://mindszentykongregacio.hu/wp/wp-content/uploads/2023/04/kaposfured-plakat2-252x300.jpg 252w, http://mindszentykongregacio.hu/wp/wp-content/uploads/2023/04/kaposfured-plakat2-860x1024.jpg 860w, http://mindszentykongregacio.hu/wp/wp-content/uploads/2023/04/kaposfured-plakat2-768x915.jpg 768w, http://mindszentykongregacio.hu/wp/wp-content/uploads/2023/04/kaposfured-plakat2.jpg 1189w" sizes="auto, (max-width: 252px) 100vw, 252px" /></strong></p>
<p>&nbsp;</p>
<p>&nbsp;</p>
<p>&nbsp;</p>

<p>Szűz Mária Efezusi Házánál (Kaposfüred, Állomás u. 61/a) Latinovits Zoltán emlékestet szervezünk. A verses, zenés esten fellépnek: &#8211; Bencze Ilona színművész, kiváló művész &#8211; Trokán Péter színművész, érdemes művész &#8211; [&hellip;]</p>
